highest common divisor of 1157786 and 14?
14
Calculate the greatest common factor of 112166 and 306.
34
Calculate the highest common factor of 171018 and 18.
18
What is the highest common divisor of 120 and 99030?
30
Calculate the highest common factor of 35 and 593.
1
Calculate the greatest common factor of 2748086 and 506.
506
Calculate the greatest common factor of 96 and 154776.
24
Calculate the greatest common divisor of 12 and 11156.
4
Calculate the greatest common divisor of 4236 and 2595256.
1412
Calculate the greatest common divisor of 5889 and 1661.
151
Calculate the highest common factor of 6783028 and 1256.
628
Calculate the highest common factor of 34 and 200617.
17
Calculate the highest common divisor of 14528 and 272854.
454
Calculate the highest common factor of 3546 and 879014.
394
What is the highest common factor of 178 and 1010?
2
What is the greatest common factor of 32536 and 2520?
56
Calculate the highest common divisor of 1561 and 4039.
7
Calculate the greatest common divisor of 998 and 16467.
499
What is the greatest common divisor of 2520 and 1034040?
840
What is the highest common divisor of 28488 and 1716?
12
Calculate the highest common factor of 3 and 813.
3
What is the greatest common factor of 81 and 5427081?
81
What is the highest common divisor of 34310 and 365?
365
Calculate the greatest common divisor of 3565 and 19375.
155
Calculate the highest common divisor of 6645 and 285.
15
What is the greatest common divisor of 480 and 377670?
30
Calculate the highest common divisor of 516 and 1419.
129
What is the greatest common divisor of 114 and 446538?
114
Calculate the highest common factor of 333 and 4023.
9
Calculate the highest common factor of 34 and 560558.
34
Calculate the highest common factor of 2373210 and 315.
315
Calculate the greatest common divisor of 136 and 4600.
8
Calculate the highest common divisor of 801 and 5430513.
267
Calculate the greatest common divisor of 41311 and 379.
379
Calculate the highest common divisor of 3255 and 66867.
93
Calculate the greatest common factor of 116 and 119422.
58
What is the highest common divisor of 10 and 499480?
10
Calculate the greatest common factor of 24 and 2914062.
6
What is the greatest common divisor of 574 and 145714?
82
What is the greatest common factor of 1720 and 1462?
86
What is the highest common divisor of 90 and 298880?
10
Calculate the greatest common divisor of 563 and 749353.
563
What is the highest common divisor of 902464 and 59?
59
What is the highest common factor of 120 and 216564?
12
Calculate the highest common factor of 5210927 and 827.
827
Calculate the highest common divisor of 1089 and 81873.
99
Calculate the highest common factor of 384183 and 162.
81
What is the highest common factor of 27285 and 6885?
255
Calculate the greatest common factor of 8220 and 390.
30
What is the highest common factor of 77582 and 2?
2
What is the greatest common divisor of 16068 and 5772?
156
Calculate the greatest common factor of 14007 and 235451.
667
Calculate the highest common divisor of 387 and 2365.
43
What is the highest common divisor of 43260 and 6720?
420
Calculate the greatest common factor of 25 and 514.
1
Calculate the highest common divisor of 107149 and 7.
7
Calculate the greatest common divisor of 32518 and 98548.
142
Calculate the highest common factor of 1230 and 209305.
205
What is the greatest common divisor of 84 and 24384?
12
Calculate the highest common divisor of 11208 and 32.
8
What is the highest common divisor of 1430 and 1257685?
715
Calculate the greatest common factor of 22041 and 468.
9
Calculate the highest common factor of 792 and 6600.
264
Calculate the greatest common divisor of 19400 and 80.
40
What is the highest common divisor of 123259 and 1?
1
What is the highest common divisor of 12056841 and 1214?
607
Calculate the highest common factor of 78998 and 10.
2
Calculate the greatest common divisor of 3933 and 142956.
171
What is the highest common factor of 4088 and 224?
56
What is the highest common divisor of 40 and 3692?
4
What is the highest common divisor of 14 and 721196?
14
Calculate the greatest common divisor of 108 and 1182627.
27
Calculate the highest common divisor of 242 and 22352.
22
What is the highest common factor of 15 and 8325?
15
What is the highest common factor of 20 and 2252?
4
What is the highest common divisor of 21 and 15843?
3
What is the greatest common factor of 7101 and 117?
9
What is the highest common factor of 58 and 29261?
29
Calculate the highest common divisor of 72555 and 105.
105
Calculate the greatest common divisor of 19962 and 1242.
18
What is the greatest common divisor of 3661 and 5551?
7
What is the highest common divisor of 40 and 32888?
8
What is the greatest common divisor of 1087 and 210878?
1087
Calculate the greatest common divisor of 68 and 10778.
34
What is the greatest common factor of 52 and 690404?
52
Calculate the greatest common divisor of 3455 and 5.
5
Calculate the highest common factor of 33878 and 5096.
26
Calculate the greatest common divisor of 1749 and 3233.
53
Calculate the greatest common factor of 429 and 15639.
39
What is the highest common divisor of 32 and 663520?
32
Calculate the greatest common divisor of 78 and 165386.
26
What is the greatest common divisor of 86037 and 714?
357
Calculate the greatest common factor of 517 and 5071.
11
What is the greatest common divisor of 299276 and 20?
4
What is the greatest common divisor of 60100 and 240?
20
What is the highest common factor of 754 and 434?
2
Calculate the greatest common divisor of 39198 and 5358.
282
Calculate the highest common divisor of 2694683 and 3436.
859
What is the greatest common divisor of 6 and 42862?
2
What is the greatest common factor of 711381 and 99?
33
Calculate the greatest common divisor of 1143 and 2421.
9
Calculate the greatest common divisor of 80 and 2740.
20
Calculate the greatest common divisor of 50 and 827025.
25
Calculate the highest common divisor of 189113 and 12787.
673
What is the highest common divisor of 30173 and 143?
143
Calculate the greatest common factor of 1825 and 558085.
365
Calculate the highest common factor of 10 and 1358930.
10
Calculate the greatest common factor of 113 and 53788.
113
What is the greatest common divisor of 55618 and 4?
2
Calculate the greatest common divisor of 272 and 195024.
272
What is the highest common factor of 427 and 27300?
7
What is the highest common factor of 324 and 958635?
81
What is the highest common factor of 121444 and 25040?
1252
What is the greatest common divisor of 1265 and 1219?
23
What is the greatest common factor of 10127 and 35711?
533
What is the highest common divisor of 93 and 5053?
31
What is the highest common factor of 316028 and 15129?
1681
Calculate the highest common divisor of 1881 and 303677.
209
Calculate the greatest common factor of 462 and 27426.
42
Calculate the highest common factor of 1919 and 1313.
101
What is the greatest common divisor of 12540 and 315?
15
What is the highest common divisor of 159135 and 4017?
309
What is the highest common factor of 394 and 227338?
394
What is the highest common divisor of 16232 and 24?
8
Calculate the greatest common factor of 1191504 and 176.
16
Calculate the highest common divisor of 1404 and 235575.
27
What is the highest common divisor of 2814 and 2604?
42
Calculate the highest common divisor of 3459 and 439.
1
Calculate the highest common divisor of 4961 and 445.
1
What is the highest common divisor of 299 and 7033?
13
Calculate the greatest common factor of 151382 and 22.
22
What is the greatest common divisor of 15 and 316515?
15
Calculate the greatest common factor of 64195 and 4255.
185
Calculate the highest common divisor of 3724890 and 260.
130
What is the greatest common factor of 51590 and 19250?
770
What is the greatest common divisor of 476 and 341989?
17
Calculate the highest common divisor of 988 and 2895334.
494
What is the highest common divisor of 165 and 66315?
15
Calculate the highest common divisor of 40 and 137968.
8
Calculate the greatest common divisor of 106720 and 6210.
230
What is the highest common divisor of 265572 and 36?
36
What is the greatest common divisor of 135423 and 6273?
369
What is the highest